t is o(4)?
21
Let k(n) = 2*n**3 - 3*n**2 + n - 2. Calculate k(2).
4
Let d(a) = 3*a**2 + 2. Give d(1).
5
Let x(v) = 134*v + 271. Calculate x(-2).
3
Let b(l) = l**2 - 15*l + 17. Give b(2).
-9
Let s(t) = 2*t**3 - 143*t**2 - 76*t + 279. Calculate s(72).
-9
Let q(y) = 16*y + 127. Give q(-8).
-1
Let y(h) = 12*h + 5. What is y(-6)?
-67
Let y(w) = w**3 - 6*w**2 + 6*w - 1. What is y(5)?
4
Let l(c) = 3*c**2 + 42*c - 10. Calculate l(-15).
35
Let s(b) = 5*b - 74. Give s(16).
6
Let h(x) = 3*x**2 - 4. Give h(-4).
44
Let q(o) = 9*o - 30. What is q(5)?
15
Let n(t) = 3*t + 2. Determine n(-3).
-7
Let z(f) = f**3 + 10*f**2 - 21*f + 32. Calculate z(-12).
-4
Let f(t) = t - 19. Calculate f(19).
0
Let j(c) = 38*c + 3. Calculate j(2).
79
Let i(p) = p**3 - 7*p**2 - 17*p - 3. Determine i(9).
6
Let i(k) = 39*k + 652. Determine i(-17).
-11
Let f(o) = -o**3 + 12*o**2 - 32*o + 5. What is f(5)?
20
Let o(m) = -m**2 - 12*m + 12. Determine o(-12).
12
Let d(q) = -10*q - 51. Determine d(-5).
-1
Let v(z) = 13*z - 37. Give v(9).
80
Let h(t) = 2*t**3 + 11*t**2 - 7*t + 4. Determine h(-6).
10
Let y(x) = x**3 - 2*x**2 - 5*x + 8. Give y(3).
2
Let a(t) = -2*t - 54. What is a(-23)?
-8
Let c(y) = -y**3 + 12*y**2 - 2*y - 6. Give c(12).
-30
Let p(t) = -9*t - 139. What is p(-22)?
59
Let k(o) = -3*o - 3. What is k(2)?
-9
Let i(m) = -3*m - 15. Calculate i(-5).
0
Let c(l) = 6*l - 15. Calculate c(7).
27
Let o(p) = -p**2 - 5*p + 7. What is o(-6)?
1
Let z(u) = 6*u + 5. Determine z(4).
29
Let m(h) = -4*h + 2. Determine m(-5).
22
Let n(g) = 11*g**2 - 3*g - 12. What is n(-2)?
38
Let w(j) = -2*j**2 - 23*j + 6. Determine w(-12).
-6
Let q(p) = 4*p - 31. Calculate q(6).
-7
Let y(f) = -344*f + 1719. Calculate y(5).
-1
Let w(x) = x**3 + 2*x**2 + 3*x + 1. Give w(-2).
-5
Let c(k) = 14*k + 91. Give c(-7).
-7
Let x(y) = 5*y + 1. Determine x(0).
1
Let h(n) = n**3 - 7*n**2 + 3. Calculate h(7).
3
Let s(n) = -7*n - 10. Calculate s(3).
-31
Let f(a) = a - 18. Give f(17).
-1
Let q(x) = x**3 - 2*x**2 + 5*x + 32. Determine q(0).
32
Let u(x) = -27*x - 1. Calculate u(1).
-28
Let m(d) = d**3 + 12*d**2 - 13*d + 8. What is m(-13)?
8
Let m(j) = j**3 + 12*j**2 - 16*j - 25. Calculate m(-13).
14
Let n(t) = 7*t - 37. What is n(5)?
-2
Let o(z) = -z**2 + 6*z - 6. Calculate o(7).
-13
Let j(r) = -r**3 - 6*r**2 + 3*r - 4. Give j(-7).
24
Let z(o) = -2*o**2 + 2*o - 3. Calculate z(-3).
-27
Let n(d) = 2*d**3 + d**2 + 1. Calculate n(-2).
-11
Let h(m) = -39*m - 109. What is h(-3)?
8
Let n(m) = -m - 5. Determine n(0).
-5
Let h(m) = -3*m - 30. Calculate h(-10).
0
Let t(b) = 11*b + 3. Give t(4).
47
Let h(o) = -8*o**2 - 2*o + 3. Calculate h(2).
-33
Let t(w) = w**3 + 31*w**2 - 64*w + 68. Give t(-33).
2
Let s(n) = n**3 - 14*n**2 + n - 9. What is s(14)?
5
Let g(l) = l**2 - 4*l + 3. Calculate g(6).
15
Let y(t) = 2*t**3 + 23*t**2 + 6*t + 1. What is y(-11)?
56
Let r(k) = -8*k**3 + k**2 + 2*k - 1. Calculate r(2).
-57
Let p(l) = l**3 - 9*l**2 + 3*l + 6. What is p(8)?
-34
Let a(i) = 3*i - 2. What is a(-1)?
-5
Let b(a) = -a + 5. Determine b(12).
-7
Let a(h) = 7*h**2 + h - 5. Determine a(-3).
55
Let c(z) = -5*z + 22. What is c(11)?
-33
Let o(z) = -3*z**2 - 13*z + 21. Calculate o(2).
-17
Let n(u) = 430*u - 854. Determine n(2).
6
Let k(y) = -25*y**2 - 2*y + 1. Determine k(-2).
-95
Let o(s) = 2*s + 6. Calculate o(17).
40
Let q(y) = 10*y**3 - 5*y**2 - 11*y. Determine q(-2).
-78
Let p(v) = -v**3 + 6*v**2 + 7*v - 7. Give p(6).
35
Let b(w) = -4*w**2 - 2*w + 3. What is b(-3)?
-27
Let j(a) = a**3 + 7*a**2 - 11*a - 15. Determine j(-6).
87
Let u(z) = -z + 3. Determine u(3).
0
Let y(z) = -2*z - 5. Give y(8).
-21
Let y(n) = n + 30. What is y(-13)?
17
Let a(r) = 29*r - 168. Give a(6).
6
Let y(k) = -k**3 - 22*k**2 + 5*k + 27. What is y(-22)?
-83
Let g(c) = c**3 - 10*c**2 - 24*c + 6. Calculate g(12).
6
Let n(g) = -g**2 - 14*g + 6. Calculate n(-15).
-9
Let b(h) = -h**2 + 10*h + 418. What is b(26)?
2
Let f(y) = y**2 - 4*y - 31. Determine f(7).
-10
Let a(n) = n**3 + 8*n**2 + 12*n. Determine a(-6).
0
Let x(v) = -v**3 + 19*v**2 + 8*v - 6. Give x(19).
146
Let d(f) = -8*f**2 + 72*f. Calculate d(9).
0
Let c(v) = -3*v**3 - v**2 + 2*v + 2. Determine c(-2).
18
Let y(l) = -2*l - 2. Give y(-3).
4
Let r(a) = -27*a + 3. Calculate r(1).
-24
Let l(u) = -2*u**2 + 39*u + 64. Give l(21).
1
Let w(r) = r**2 - 6*r - 1. Give w(7).
6
Let w(r) = r**2 - 5*r - 22. What is w(6)?
-16
Let o(a) = a**3 + 12*a**2 - 12*a + 6. What is o(-13)?
-7
Let w(p) = p**2 + 13*p + 26. Determine w(-9).
-10
Let v(c) = -37*c**2 - 5*c - 5. Calculate v(-2).
-143
Let w(v) = v**2 - v - 11. Give w(0).
-11
Let r(f) = -f**3 - 11*f**2 - f - 15. Determine r(-11).
-4
Let p(n) = n**2 + 6*n + 10. Give p(-8).
26
Let l(h) = -h**2 - 5*h + 3. Determine l(-4).
7
Let p(l) = -l**3 - 42*l**2 - 89*l - 360. Determine p(-40).
0
Let d(g) = 2*g - 2. Give d(-2).
-6
Let c(x) = x**3 - 4*x**2 - x + 3. Determine c(3).
-9
Let v(u) = -u**3 + 5*u**2 + 3*u - 6. What is v(5)?
9
Let v(w) = w**2 - 7*w + 8. What is v(5)?
-2
Let g(c) = -7*c + 18. What is g(3)?
-3
Let z(h) = -h**2 - 14*h - 40. Determine z(-11).
-7
Let r(o) = o**2 + o - 32. What is r(-7)?
10
Let r(k) = k**3 - 17*k**2 + k - 25. Calculate r(17).
-8
Let s(q) = q**3 - 8*q**2. Calculate s(8).
0
Let i(k) = -k**3 + 9*k**2 - 18*k - 10. Give i(6).
-10
Let t(a) = 3*a**2 - 7*a + 8. What is t(5)?
48
Let f(j) = -2*j**2 - 13*j + 4. Determine f(-7).
-3
Let m(x) = 33*x**2 + 6*x - 5. What is m(1)?
34
Let p(m) = -m**3 - 9*m**2 - 5*m - 6. Give p(-7).
-69
Let m(u) = 2*u**2 - 8*u - 21. What is m(5)?
-11
Let l(o) = -o**2 - 2*o + 24. Give l(-9).
-39
Let c(u) = -24*u - 179. Give c(-7).
-11
Let l(k) = 4*k**2 + 12*k + 10. Calculate l(-4).
26
Let s(w) = -w**2 + 12*w + 8. Calculate s(16).
-56
Let w(z) = z**3 - 6*z**2 - 4*z + 5. Give w(6).
-19
Let g(o) = o**3 - 6*o**2 + 7. Give g(6).
7
Let o(f) = -12*f + 114. What is o(8)?
18
Let u(t) = 15*t**3 - 2*t**2 - 3*t + 4. What is u(1)?
14
Let s(u) = -u**2 - 7*u + 15. Determine s(-8).
7
Let m(y) = y**2 - 6*y - 2. What is m(5)?
-7
Let k(d) = -27*d + 356. What is k(13)?
5
Let x(k) = -k**3 + 5*k**2 + 7*k - 12. Determine x(6).
-6
Let w(d) = 9*d**2 - 26*d - 28. Give w(-1).
7
Let i(n) = -2*n**3 + 7*n**2 + 2*n - 12. What is i(5)?
-77
Let u(h) = -h**2 + 7*h - 12. Calculate u(6).
-6
Let v(t) = -3*t - 12. Determine v(0).
-12
Let u(l) = -17*l**2 + 2*l - 8. What is u(2)?
-72
Let t(a) = -a**3 + 3*a**2 + 3*a + 5. What is t(4)?
1
Let w(r) = -r**3 + 22*r**2 + 3*r - 37. What is w(22)?
29
Let s(f) = f - 9. Determine s(7).
-2
Let x(d) = -d**2 + 5*d + 71. Determine x(-6).
5
Let s(l) = 3*l**2 - 8*l + 2. What is s(3)?
5
Let g(w) = -w**3 - 19*w**2 - 20*w - 24. Give g(-18).
12
Let a(g) = g**3 + 9*g**2 - 12*g - 19. What is a(-10)?
1
Let x(z) = -z**2 - 9*z + 35. Calculate x(-15).
-55
Let s(b) = 6*b**2 + 4*b + 2. Determine s(-3).
44
Let p(t) = -t**3 + 11*t + 7. Determine p(-4).
27
Let r(g) = g**3 + 7*g**2 + 8*g + 9. Give r(-6).
-3
Let s(o) = o**2 - 28*o - 18. Determine s(29).
11
Let u(c) = 27*c - 1. Calculate u(-1).
-28
Let o(n) = -n**3 + 2*n - 11. Determine o(0).
-11
Let w(n) = -n**3 - 20*n**2 - 18*n + 17. What is w(-19)?
-2
Let t(k) = k**2 + 4*k - 12. Determine t(3).
9
Let a(h) = 2*h - 22. Determine a(-8).
-38
Let z(u) = 13*u**2 - 26*u - 9. Determine z(4).
95
Let w(r) = 2*r + 12. Give w(-4).
4
Let o(p) = p**2 + 12*p + 19. Calculate o(-10).
-1
Let i(n) = -n**2 + 2*n - 3. What is i(-4)?
-27
Let q(o) = -o**3 - 12*o**2 + 11*o - 22. Calculate q(-13).
4
Let v(s) = -2*s**3 + 3*s**2 - s + 2. Calculate v(-2).
32
Let j(a) = -a**3 - a**2 + 1. Give j(-2).
5
Let s(v) = v + 7. Determine s(0).
7
Let l(q) = q**2 - 5*q + 9. What is l(6)?
15
Let h(u) = -u**2 - 4*u + 5. What is h(0)?
5
Let s(y) = -3*y**2 - 2*y + 2. Determine s(-2).
-6
Let k(l) = -16*l**2 - 3. What is k(1)?
-19
Let x(k) = -2*k**2 - 12*k + 13. Calculate x(-7).
-1
Let o(x) = -x**3 + 11*x**2 + 351*x - 33. Calculate o(25).
-8
Let l(g) = -g**3 - 12*g**2 - 12*g - 3. Determine l(-11).
8
Let z(c) = -2*c**2 - 3*c + 30. Calculate z(-6).
-24
Let g(f) = 6*f + 79. Determine g(-9).
25
Let j(y) = y**2 + 6*y - 22. Calculate j(-9).
5
Let l(d) = -2*d**2 + 11*d - 5. Give l(5).
0
Let u(z) = -z**2 - 32*z - 253. What is u(-18)?
-1
Let h(n) = 4*n + 10. What is h(-4)?
-6
Let a(z) = z**3 + 3*z**2 - 7*z + 19. Determine a(-5).
4
Let y(s) = s**3 + 6*s**2 - 13*s + 26. Give y(-8).
